Suppose 3*c - 2868 = 2025. List the prime factors of c.
7, 233
Let o(n) = -2*n**3 - 6*n**2 - 9*n - 4. Let l = -4 - -34. Let m = l - 35. What are the prime factors of o(m)?
3, 47
Let b be 3740/7 + -1 + (-25)/(-35). Suppose 4*g = a + 173, -b - 349 = 5*a - 2*g. Let l = -97 - a. List the prime factors of l.
2, 5
Suppose 269 = -3*c - a, 0 = -5*c - a - 169 - 278. Let o = c - -190. List the prime factors of o.
101
Let h(f) = f**3 + 18*f**2 + 22*f - 12. Let n be h(-17). Let b = n + 344. List the prime factors of b.
13, 19
What are the prime factors of -3*(9 + 98036)/(-5)?
3, 19609
Suppose 5*p + 4*b = 47191, 32*b + 9443 = p + 28*b. What are the prime factors of p?
9439
Let x be (-4)/6 + (-199)/3. Let g(z) = -30*z - 16. Let o be g(0). Let v = o - x. List the prime factors of v.
3, 17
Let n be (-36)/(-27)*(-9)/2 + 11. Suppose n*k - 4251 = -3*u, 816 = 2*u + 4*k - 2016. List the prime factors of u.
2, 3, 79
Suppose 4969 = w - z, -20*z = -2*w - 23*z + 9948. Suppose -5*c + 1934 + w = 0. List the prime factors of c.
1381
Let i(l) = 92*l**2 + 8*l - 42. Let c be i(9). Suppose -15*j = -c + 642. What are the prime factors of j?
2, 3, 19
Let l = -56 + 60. Suppose 0*m - l*m = -x + 148, -4*x = -5*m - 603. Suppose 3*y = -2*j + x, 0 = -5*j + 6*j - y - 71. What are the prime factors of j?
73
Let l = -238 - -238. Suppose -g - i = -365 - 490, -3*g - i + 2561 = l. What are the prime factors of g?
853
Let m(g) = g**2 + 108*g + 999. What are the prime factors of m(0)?
3, 37
List the prime factors of 57252/21 - (-6)/42*-2.
2, 29, 47
Let f(v) = -3*v + 9. Let s be f(-3). Let x = -38 + s. What are the prime factors of 1/(-2 + 1) - (-2 + x)?
3, 7
Suppose 2*h + 96 = 2*q, h = 5*q - 95 + 31. Let a = 44 + h. Suppose 3*m - 3*o - 45 = 0, a = -5*m + 2*m - 2*o + 30. What are the prime factors of m?
2, 3
Let v be 3785 - -1*(-4 - -5). Suppose 4*n + v = 10*n. Let y = n + -381. What are the prime factors of y?
2, 5
Suppose 0 = -4*d - 3*r + 837, 0 = 5*d + 3*r - 872 - 175. Let a = d + 198. What are the prime factors of a?
2, 3, 17
Let q = -106 - -73. Let t be 1 + (-2)/1*q. Suppose -6*v - t = -385. List the prime factors of v.
53
Suppose 4*t + 4*r = -0*t + 32, -3*r + 8 = -t. Suppose 2*m = t*f + 294, 3*m - 2*f = m + 284. What are the prime factors of m?
137
Suppose -15*b + 46 = -59. Let d(c) be the second derivative of c**5/20 - c**4/3 + c**3/6 - 31*c**2/2 - 30*c. List the prime factors of d(b).
3, 41
List the prime factors of 41694/(-4 - -5) + (-35 - -24).
73, 571
Suppose 574*v - 684 = 565*v. Let q be (-4)/2 + 0 + 2. Suppose q*z + z - u = v, -5*z = 4*u - 416. List the prime factors of z.
2, 5
Let b(g) = -506*g + 2156. List the prime factors of b(-41).
2, 3, 11, 347
Let b = 147822 - 64716. What are the prime factors of b?
2, 3, 19
Let v = -28 + 77. Let p = v + -49. Suppose p = -5*f + 17*f - 564. What are the prime factors of f?
47
Let o(w) = 413*w - 446. What are the prime factors of o(15)?
5749
Let y(t) = -3*t**3 - 7*t**2 - 18*t + 12. Let q be (-5 - -4) + -4 + (-2)/1. List the prime factors of y(q).
2, 103
Suppose -2*z - 4*t + 20 = 0, 4*z + 7 = -3*t + 27. Suppose 21*p - 24*p + z*k = -2139, 0 = k. List the prime factors of p.
23, 31
Suppose -3*s - 59018 = -3*j - 2762, 5*j - 93784 = -3*s. What are the prime factors of j?
5, 11, 31
Let q(g) = 2*g**3 + 18*g**2 - 5*g + 8. Suppose 7 = 4*s - r, 3*s - 11 = -2*r - 3*r. Let w = -11 + s. What are the prime factors of q(w)?
53
Let d(w) = w**3 - 7*w**2 + 10*w. Let b be -1 - ((-1)/3 + (-221)/39). Let i be d(b). List the prime factors of 146 + 1 + (i - 2/(-2)).
2, 37
Let q be (-555)/222*1/((-10)/96). Suppose v = 3*w + 11, -62 = -5*v + 5*w - 17. What are the prime factors of (v/q)/(1/387)?
3, 43
Suppose h - 1 = 2*h. Let o be h + 1 + (331 - -17). Suppose -5*x + o = -112. What are the prime factors of x?
2, 23
Let k = -13743 + 20805. List the prime factors of k.
2, 3, 11, 107
Let r(c) = c**2 + 43*c**3 + 0*c**2 - 2*c**2 - 44*c**3 + 9 + 5*c. List the prime factors of r(-4).
37
Let w(b) = -545*b - 3691. What are the prime factors of w(-46)?
21379
Suppose -3*n + 3*d = 6, -2*n - 11 = 2*d + 3*d. Let b be ((-6)/(-21))/(n/(-42)). Suppose -b*w = -w - 129. List the prime factors of w.
43
Suppose 233*t = 258*t - 303925. List the prime factors of t.
12157
Suppose 49 = 6*s - 13*s. Let y(i) = 4*i**2 + 11. Let c be y(s). Suppose o - 21 = c. List the prime factors of o.
2, 3, 19
Suppose -6 + 10 = 2*j. Suppose 5*h = 5*z - 946 + 46, -4*h + j*z = 726. Let d = 267 + h. List the prime factors of d.
2, 3, 7
Let t(g) = -g**3 + 23*g**2 + 53*g - 467. List the prime factors of t(11).
2, 7
Let c be (1 + -11)/((-56)/(-16) + -4). Let n = c + 331. What are the prime factors of n?
3, 13
Suppose -3*r + 5*j - 4*j - 110 = 0, 0 = -j + 2. Let o(z) = -10*z - 5. List the prime factors of o(r).
5, 71
Let u(h) = -31*h + 22. Let b be u(-7). Let g = 495 - b. List the prime factors of g.
2
Let k = 75 - 68. Suppose k*d = 473 + 227. What are the prime factors of d?
2, 5
Let m(l) = l**2 - 8*l + 18. Let j(s) = 3*s + 15. Let y be j(-7). What are the prime factors of m(y)?
2, 3, 17
Suppose -4*p + 2196 = -l, -5*l + 429 = 2*p - 691. Suppose p = o + 2*x, 5*o - 10*o = 5*x - 2735. List the prime factors of o.
2, 17
Let t be 4 + (-12)/(-8) + (-18)/4. Let l be (1 - t) + -3 - (0 - -85). Let v = -45 - l. List the prime factors of v.
43
Suppose -t + 6 = t. Let d be (1 + 0)/((-8)/4)*-4. Suppose t*h + 2*h = -3*s + 714, -d*s - 4 = 0. What are the prime factors of h?
2, 3
Let a(c) = 13*c**2 + c + 1. Let i be a(-1). Suppose 4*u + h = i, -5*u + 7*h = 5*h. List the prime factors of u.
2
Suppose -152*m + 150*m = -1622. Let o = -487 + m. List the prime factors of o.
2, 3
Suppose -85588 = -32*c - 19*c + 152225. List the prime factors of c.
4663
Suppose 33649 = 5*h - v - 19413, 2*v = -5*h + 53041. List the prime factors of h.
3, 131
Let a(q) = q + 131. Let d(p) = p + 114. Let u(w) = -5*a(w) + 6*d(w). Let k = -40 - -26. List the prime factors of u(k).
3, 5
Let b = 13522 - 5113. List the prime factors of b.
3, 2803
Suppose -8*c + 9*c + 5*s - 8 = 0, -4*s = -3*c - 14. List the prime factors of c*939/(-14) - (-4)/(-28).
2, 67
Suppose -4*s + 591 = -s. Let z = -1357 - -1362. Suppose -z*r = v - 118, -2*v = 2*r - 5*r - s. What are the prime factors of v?
103
Let a(t) = t**3 + 7*t**2 + 3*t - 19. Let d be a(-6). List the prime factors of (49/(-3) + d)*-6.
2, 13
Let k = 13 - -116. Let t = 364 - k. List the prime factors of t.
5, 47
Suppose -7*b = -2*b - d + 9005, 0 = -d + 5. What are the prime factors of (b/80)/((-2)/116)?
3, 5, 29
What are the prime factors of (-6)/(-5)*(-603100)/(-30)?
2, 37, 163
Suppose -x - x + 536 = 0. Suppose 59 = 3*h - o, -9*h - 3*o = -7*h - 43. Suppose n + 3*k - 47 - h = 0, 4*n + k = x. List the prime factors of n.
67
Let l = 30 + -20. Suppose -9338 = -l*j + 1012. What are the prime factors of j?
3, 5, 23
Let n = -5937 + 46863. What are the prime factors of n?
2, 3, 19, 359
Let y be 2/(-5) - (-68)/20. Suppose d = 5*l + 6*d - 1400, 1432 = 5*l - y*d. What are the prime factors of l?
2, 71
Suppose -5*c - 2*v = -174745, 5*c - 73*v - 174745 = -77*v. List the prime factors of c.
34949
What are the prime factors of 9905/14*(-504)/(-30)?
2, 3, 7, 283
Let t(r) be the second derivative of r**5/20 - 7*r**4/12 + 7*r**3/6 - 2*r**2 - 3*r. Let h be t(6). Suppose 0*n = -h*n + 72. List the prime factors of n.
2, 3
Suppose 3*h = -4*j + 122, 4*h + h - 4*j = 182. Suppose -34*r = -h*r + 8. What are the prime factors of 3/r*(-4 + (-588)/(-9))?
2, 23
Let j(p) = 13*p - 27. Let n = -34 - -39. Suppose n*h = o + 45, -5*h + 5*o = o - 45. List the prime factors of j(h).
2, 3, 5
Let s(r) = -2*r**3 - 25*r**2 - 12*r + 3. Let z be s(-12). Suppose -2*q - 1361 = -2*m - z*q, 4*m + 5*q - 2725 = 0. List the prime factors of m.
2, 5, 17
Suppose 3*q - 3020 = 43*p - 39*p, 5*p = -q + 1013. List the prime factors of q.
2, 3, 7
Let w(q) = -q**3 - 12*q**2 - 3*q - 13. Let v be 12/84 - 92/7. Let b be w(v). Suppose -3*t = 2*t - b. List the prime factors of t.
3, 13
Suppose -40033 = 5*u + 3*y - 336020, -5*y + 118410 = 2*u. What are the prime factors of u?
5, 11839
Let m be 731/7 + 16/140*5. Suppose 102*b = m*b - 2046. List the prime factors of b.
2, 11, 31
Let g(q) = -22 + 26 + q + 0*q**2 - 59 + q**2. Let j be g(0). List the prime factors of (j - -4)*(-8)/6.
2